{"id":608,"date":"2025-07-01T14:58:31","date_gmt":"2025-07-01T14:58:31","guid":{"rendered":"https:\/\/baumfruit.com.br\/?page_id=608"},"modified":"2026-01-07T19:54:13","modified_gmt":"2026-01-07T19:54:13","slug":"polpas","status":"publish","type":"page","link":"https:\/\/baumfruit.com.br\/?page_id=608","title":{"rendered":"Polpas"},"content":{"rendered":"\t\t<div data-elementor-type=\"wp-page\" data-elementor-id=\"608\" class=\"elementor elementor-608\">\n\t\t\t\t<div class=\"elementor-element elementor-element-5b56833 e-flex e-con-boxed e-con e-parent\" data-id=\"5b56833\" data-element_type=\"container\" data-e-type=\"container\" data-settings=\"{&quot;background_background&quot;:&quot;classic&quot;}\">\n\t\t\t\t\t<div class=\"e-con-inner\">\n\t\t<div class=\"elementor-element elementor-element-21f72a9 e-con-full e-flex e-con e-child\" data-id=\"21f72a9\" data-element_type=\"container\" data-e-type=\"container\">\n\t\t<div class=\"elementor-element elementor-element-1a3a301 e-con-full e-flex e-con e-child\" data-id=\"1a3a301\" data-element_type=\"container\" data-e-type=\"container\">\n\t\t\t\t<div class=\"elementor-element elementor-element-108259d elementor-invisible elementor-widget elementor-widget-heading\" data-id=\"108259d\" data-element_type=\"widget\" data-e-type=\"widget\" data-settings=\"{&quot;_animation&quot;:&quot;rubberBand&quot;}\" data-widget_type=\"heading.default\">\n\t\t\t\t<div class=\"elementor-widget-container\">\n\t\t\t\t\t<h6 class=\"elementor-heading-title elementor-size-default\">Polpa de Fruta<\/h6>\t\t\t\t<\/div>\n\t\t\t\t<\/div>\n\t\t\t\t<\/div>\n\t\t<div class=\"elementor-element elementor-element-e99997a e-con-full e-flex e-con e-child\" data-id=\"e99997a\" data-element_type=\"container\" data-e-type=\"container\">\n\t\t\t\t<div class=\"elementor-element elementor-element-8fa1b80 elementor-invisible elementor-widget elementor-widget-image\" data-id=\"8fa1b80\" data-element_type=\"widget\" data-e-type=\"widget\" data-settings=\"{&quot;_animation&quot;:&quot;fadeInDown&quot;}\" data-widget_type=\"image.default\">\n\t\t\t\t<div class=\"elementor-widget-container\">\n\t\t\t\t\t\t\t\t\t\t\t\t<figure class=\"wp-caption\">\n\t\t\t\t\t\t\t\t\t\t<img fetchpriority=\"high\" decoding=\"async\" width=\"2560\" height=\"1508\" src=\"https:\/\/baumfruit.com.br\/wp-content\/uploads\/2026\/01\/fc3-scaled.png\" class=\"attachment-full size-full wp-image-1064\" alt=\"\" srcset=\"https:\/\/baumfruit.com.br\/wp-content\/uploads\/2026\/01\/fc3-scaled.png 2560w, https:\/\/baumfruit.com.br\/wp-content\/uploads\/2026\/01\/fc3-300x177.png 300w, https:\/\/baumfruit.com.br\/wp-content\/uploads\/2026\/01\/fc3-1024x603.png 1024w, https:\/\/baumfruit.com.br\/wp-content\/uploads\/2026\/01\/fc3-768x452.png 768w, https:\/\/baumfruit.com.br\/wp-content\/uploads\/2026\/01\/fc3-1536x905.png 1536w, https:\/\/baumfruit.com.br\/wp-content\/uploads\/2026\/01\/fc3-2048x1206.png 2048w\" sizes=\"(max-width: 2560px) 100vw, 2560px\" \/>\t\t\t\t\t\t\t\t\t\t\t<figcaption class=\"widget-image-caption wp-caption-text\"><\/figcaption>\n\t\t\t\t\t\t\t\t\t\t<\/figure>\n\t\t\t\t\t\t\t\t\t<\/div>\n\t\t\t\t<\/div>\n\t\t\t\t<\/div>\n\t\t\t\t<\/div>\n\t\t<div class=\"elementor-element elementor-element-347431e e-con-full e-flex e-con e-child\" data-id=\"347431e\" data-element_type=\"container\" data-e-type=\"container\">\n\t\t\t\t<div class=\"elementor-element elementor-element-d9bc792 elementor-invisible elementor-widget elementor-widget-text-editor\" data-id=\"d9bc792\" data-element_type=\"widget\" data-e-type=\"widget\" data-settings=\"{&quot;_animation&quot;:&quot;slideInLeft&quot;}\" data-widget_type=\"text-editor.default\">\n\t\t\t\t<div class=\"elementor-widget-container\">\n\t\t\t\t\t\t\t\t\t<p data-start=\"112\" data-end=\"157\"><span style=\"font-family: arial, helvetica, sans-serif; font-size: 14px;\"><strong data-start=\"112\" data-end=\"155\">Baum Fruit \u2013 Polpa de fruta<\/strong><\/span><\/p><p data-start=\"83\" data-end=\"326\"><span style=\"font-family: arial, helvetica, sans-serif; font-size: 14px;\">Nossa <strong data-start=\"89\" data-end=\"108\">polpa de frutas<\/strong> \u00e9 produzida a partir de frutas selecionadas, garantindo <strong data-start=\"165\" data-end=\"182\">sabor natural<\/strong> e alto padr\u00e3o de qualidade. O produto <strong data-start=\"221\" data-end=\"276\">n\u00e3o cont\u00e9m adi\u00e7\u00e3o de \u00e1gua, conservantes ou a\u00e7\u00facares<\/strong>, preservando a autenticidade e a pureza da fruta.<\/span><\/p><p data-start=\"328\" data-end=\"634\"><span style=\"font-family: arial, helvetica, sans-serif; font-size: 14px;\">A <strong data-start=\"330\" data-end=\"350\">embalagem segura<\/strong> mant\u00e9m a integridade do alimento durante todo o armazenamento e transporte, assegurando frescor e confian\u00e7a ao consumidor. Todo o processo produtivo <strong data-start=\"500\" data-end=\"573\">segue rigorosamente os crit\u00e9rios de Boas Pr\u00e1ticas de Fabrica\u00e7\u00e3o (BPF)<\/strong>, assegurando higiene, controle e padroniza\u00e7\u00e3o em cada etapa.<\/span><\/p><p data-start=\"636\" data-end=\"751\"><span style=\"font-family: arial, helvetica, sans-serif; font-size: 14px;\">Al\u00e9m disso, nossa produ\u00e7\u00e3o <strong data-start=\"663\" data-end=\"695\">atende \u00e0s exig\u00eancias do MAPA<\/strong>, garantindo conformidade legal e total rastreabilidade.<\/span><\/p><p data-start=\"753\" data-end=\"833\" data-is-last-node=\"\" data-is-only-node=\"\"><span style=\"font-family: arial, helvetica, sans-serif; font-size: 14px;\">Natural, confi\u00e1vel e produzido com excel\u00eancia \u2014 assim \u00e9 a nossa polpa de frutas.<\/span><\/p><p data-start=\"112\" data-end=\"157\"><span style=\"font-family: arial, helvetica, sans-serif; font-size: 14px;\"><strong data-start=\"112\" data-end=\"155\">Embalagem: Pacote fracionado com 10 unidades de 100g.<\/strong><\/span><\/p><p data-start=\"886\" data-end=\"947\" data-is-last-node=\"\" data-is-only-node=\"\"><span style=\"font-size: 14px; font-family: arial, helvetica, sans-serif;\">Sabores:\u00a0 Morango, Maracuj\u00e1 sem semente, Abacaxi, Abacaxi com Horte\u00e3, Acerola, Manga, Goiaba, Frutas Vermelhas,\u00a0 Framboesa,\u00a0 Amora, Uva e Detox.<\/span><\/p>\t\t\t\t\t\t\t\t<\/div>\n\t\t\t\t<\/div>\n\t\t\t\t<\/div>\n\t\t\t\t\t<\/div>\n\t\t\t\t<\/div>\n\t\t<div class=\"elementor-element elementor-element-01b6274 e-flex e-con-boxed e-con e-parent\" data-id=\"01b6274\" data-element_type=\"container\" data-e-type=\"container\">\n\t\t\t\t\t<div class=\"e-con-inner\">\n\t\t\t\t<div class=\"elementor-element elementor-element-0e3fe87 elementor-arrows-position-outside elementor-widget elementor-widget-image-carousel\" data-id=\"0e3fe87\" data-element_type=\"widget\" data-e-type=\"widget\" data-settings=\"{&quot;slides_to_show&quot;:&quot;4&quot;,&quot;slides_to_scroll&quot;:&quot;3&quot;,&quot;navigation&quot;:&quot;arrows&quot;,&quot;image_spacing_custom&quot;:{&quot;unit&quot;:&quot;px&quot;,&quot;size&quot;:63,&quot;sizes&quot;:[]},&quot;autoplay&quot;:&quot;yes&quot;,&quot;pause_on_hover&quot;:&quot;yes&quot;,&quot;pause_on_interaction&quot;:&quot;yes&quot;,&quot;autoplay_speed&quot;:5000,&quot;infinite&quot;:&quot;yes&quot;,&quot;speed&quot;:500,&quot;image_spacing_custom_tablet&quot;:{&quot;unit&quot;:&quot;px&quot;,&quot;size&quot;:&quot;&quot;,&quot;sizes&quot;:[]},&quot;image_spacing_custom_mobile&quot;:{&quot;unit&quot;:&quot;px&quot;,&quot;size&quot;:&quot;&quot;,&quot;sizes&quot;:[]}}\" data-widget_type=\"image-carousel.default\">\n\t\t\t\t<div class=\"elementor-widget-container\">\n\t\t\t\t\t\t\t<div class=\"elementor-image-carousel-wrapper swiper\" role=\"region\" aria-roledescription=\"carousel\" aria-label=\"Carrossel de imagens\" dir=\"ltr\">\n\t\t\t<div class=\"elementor-image-carousel swiper-wrapper\" aria-live=\"off\">\n\t\t\t\t\t\t\t\t<div class=\"swiper-slide\" role=\"group\" aria-roledescription=\"slide\" aria-label=\"1 de 12\"><figure class=\"swiper-slide-inner\"><img decoding=\"async\" class=\"swiper-slide-image\" src=\"https:\/\/baumfruit.com.br\/wp-content\/uploads\/2025\/07\/Baum-Fruit-Polpa-de-Abacaxi-02.png\" alt=\"Baum Fruit - Polpa de Abacaxi - 02\" \/><\/figure><\/div><div class=\"swiper-slide\" role=\"group\" aria-roledescription=\"slide\" aria-label=\"2 de 12\"><figure class=\"swiper-slide-inner\"><img decoding=\"async\" class=\"swiper-slide-image\" src=\"https:\/\/baumfruit.com.br\/wp-content\/uploads\/2025\/07\/Baum-Fruit-Polpa-de-Abacaxi-com-Hortela-01.png\" alt=\"Baum Fruit - Polpa de Abacaxi com Hortel\u00e3 01\" \/><\/figure><\/div><div class=\"swiper-slide\" role=\"group\" aria-roledescription=\"slide\" aria-label=\"3 de 12\"><figure class=\"swiper-slide-inner\"><img decoding=\"async\" class=\"swiper-slide-image\" src=\"https:\/\/baumfruit.com.br\/wp-content\/uploads\/2025\/07\/Baum-Fruit-Polpa-de-Acerola-03.png\" alt=\"Baum Fruit - Polpa de Acerola - 03\" \/><\/figure><\/div><div class=\"swiper-slide\" role=\"group\" aria-roledescription=\"slide\" aria-label=\"4 de 12\"><figure class=\"swiper-slide-inner\"><img decoding=\"async\" class=\"swiper-slide-image\" src=\"https:\/\/baumfruit.com.br\/wp-content\/uploads\/2025\/07\/Baum-Fruit-Polpa-de-Amora-04.png\" alt=\"Baum Fruit - Polpa de Amora - 04\" \/><\/figure><\/div><div class=\"swiper-slide\" role=\"group\" aria-roledescription=\"slide\" aria-label=\"5 de 12\"><figure class=\"swiper-slide-inner\"><img decoding=\"async\" class=\"swiper-slide-image\" src=\"https:\/\/baumfruit.com.br\/wp-content\/uploads\/2025\/07\/Baum-Fruit-Polpa-Detox-14.png\" alt=\"Baum Fruit - Polpa Detox - 14\" \/><\/figure><\/div><div class=\"swiper-slide\" role=\"group\" aria-roledescription=\"slide\" aria-label=\"6 de 12\"><figure class=\"swiper-slide-inner\"><img decoding=\"async\" class=\"swiper-slide-image\" src=\"https:\/\/baumfruit.com.br\/wp-content\/uploads\/2025\/07\/Baum-Fruit-Polpa-de-Framboesa-06.png\" alt=\"Baum Fruit - Polpa de Framboesa - 06\" \/><\/figure><\/div><div class=\"swiper-slide\" role=\"group\" aria-roledescription=\"slide\" aria-label=\"7 de 12\"><figure class=\"swiper-slide-inner\"><img decoding=\"async\" class=\"swiper-slide-image\" src=\"https:\/\/baumfruit.com.br\/wp-content\/uploads\/2025\/07\/Baum-Fruit-Polpa-de-Frutas-Vermelhas-07.png\" alt=\"Baum Fruit - Polpa de Frutas Vermelhas - 07\" \/><\/figure><\/div><div class=\"swiper-slide\" role=\"group\" aria-roledescription=\"slide\" aria-label=\"8 de 12\"><figure class=\"swiper-slide-inner\"><img decoding=\"async\" class=\"swiper-slide-image\" src=\"https:\/\/baumfruit.com.br\/wp-content\/uploads\/2025\/07\/Baum-Fruit-Polpa-de-Goiaba-08.png\" alt=\"Baum Fruit - Polpa de Goiaba - 08\" \/><\/figure><\/div><div class=\"swiper-slide\" role=\"group\" aria-roledescription=\"slide\" aria-label=\"9 de 12\"><figure class=\"swiper-slide-inner\"><img decoding=\"async\" class=\"swiper-slide-image\" src=\"https:\/\/baumfruit.com.br\/wp-content\/uploads\/2025\/07\/Baum-Fruit-Polpa-de-Manga-10.png\" alt=\"Baum Fruit - Polpa de Manga - 10\" \/><\/figure><\/div><div class=\"swiper-slide\" role=\"group\" aria-roledescription=\"slide\" aria-label=\"10 de 12\"><figure class=\"swiper-slide-inner\"><img decoding=\"async\" class=\"swiper-slide-image\" src=\"https:\/\/baumfruit.com.br\/wp-content\/uploads\/2025\/07\/Baum-Fruit-Polpa-de-Maracuja-11.png\" alt=\"Baum Fruit - Polpa de Maracuj\u00e1 - 11\" \/><\/figure><\/div><div class=\"swiper-slide\" role=\"group\" aria-roledescription=\"slide\" aria-label=\"11 de 12\"><figure class=\"swiper-slide-inner\"><img decoding=\"async\" class=\"swiper-slide-image\" src=\"https:\/\/baumfruit.com.br\/wp-content\/uploads\/2025\/07\/Baum-Fruit-Polpa-de-Morango-12.png\" alt=\"Baum Fruit - Polpa de Morango - 12\" \/><\/figure><\/div><div class=\"swiper-slide\" role=\"group\" aria-roledescription=\"slide\" aria-label=\"12 de 12\"><figure class=\"swiper-slide-inner\"><img decoding=\"async\" class=\"swiper-slide-image\" src=\"https:\/\/baumfruit.com.br\/wp-content\/uploads\/2025\/07\/Baum-Fruit-Polpa-de-Uva-13.png\" alt=\"Baum Fruit - Polpa de Uva - 13\" \/><\/figure><\/div>\t\t\t<\/div>\n\t\t\t\t\t\t\t\t\t\t\t\t<div class=\"elementor-swiper-button elementor-swiper-button-prev\" role=\"button\" tabindex=\"0\">\n\t\t\t\t\t\t<svg aria-hidden=\"true\" class=\"e-font-icon-svg e-eicon-chevron-left\" viewBox=\"0 0 1000 1000\" xmlns=\"http:\/\/www.w3.org\/2000\/svg\"><path d=\"M646 125C629 125 613 133 604 142L308 442C296 454 292 471 292 487 292 504 296 521 308 533L604 854C617 867 629 875 646 875 663 875 679 871 692 858 704 846 713 829 713 812 713 796 708 779 692 767L438 487 692 225C700 217 708 204 708 187 708 171 704 154 692 142 675 129 663 125 646 125Z\"><\/path><\/svg>\t\t\t\t\t<\/div>\n\t\t\t\t\t<div class=\"elementor-swiper-button elementor-swiper-button-next\" role=\"button\" tabindex=\"0\">\n\t\t\t\t\t\t<svg aria-hidden=\"true\" class=\"e-font-icon-svg e-eicon-chevron-right\" viewBox=\"0 0 1000 1000\" xmlns=\"http:\/\/www.w3.org\/2000\/svg\"><path d=\"M696 533C708 521 713 504 713 487 713 471 708 454 696 446L400 146C388 133 375 125 354 125 338 125 325 129 313 142 300 154 292 171 292 187 292 204 296 221 308 233L563 492 304 771C292 783 288 800 288 817 288 833 296 850 308 863 321 871 338 875 354 875 371 875 388 867 400 854L696 533Z\"><\/path><\/svg>\t\t\t\t\t<\/div>\n\t\t\t\t\n\t\t\t\t\t\t\t\t\t<\/div>\n\t\t\t\t\t\t<\/div>\n\t\t\t\t<\/div>\n\t\t\t\t\t<\/div>\n\t\t\t\t<\/div>\n\t\t<div class=\"elementor-element elementor-element-d51c335 e-flex e-con-boxed e-con e-parent\" data-id=\"d51c335\" data-element_type=\"container\" data-e-type=\"container\">\n\t\t\t\t\t<div class=\"e-con-inner\">\n\t\t<div class=\"elementor-element elementor-element-47d63d6 e-grid e-con-full e-con e-child\" data-id=\"47d63d6\" data-element_type=\"container\" data-e-type=\"container\" data-settings=\"{&quot;background_background&quot;:&quot;classic&quot;}\">\n\t\t\t\t<div class=\"elementor-element elementor-element-1ba17a2 elementor-widget elementor-widget-heading\" data-id=\"1ba17a2\" data-element_type=\"widget\" data-e-type=\"widget\" data-widget_type=\"heading.default\">\n\t\t\t\t<div class=\"elementor-widget-container\">\n\t\t\t\t\t<h5 class=\"elementor-heading-title elementor-size-default\"><font dir=\"auto\" style=\"vertical-align: inherit\"><font dir=\"auto\" style=\"vertical-align: inherit\" class=\"VIpgJd-yAWNEb-VIpgJd-fmcmS-sn54Q\">Para d\u00favidas e or\u00e7amentos, envie nos uma mensagem!<\/font><\/font><\/h5>\t\t\t\t<\/div>\n\t\t\t\t<\/div>\n\t\t\t\t<div class=\"elementor-element elementor-element-f31a775 elementor-align-center elementor-widget elementor-widget-button\" data-id=\"f31a775\" data-element_type=\"widget\" data-e-type=\"widget\" data-widget_type=\"button.default\">\n\t\t\t\t<div class=\"elementor-widget-container\">\n\t\t\t\t\t\t\t\t\t<div class=\"elementor-button-wrapper\">\n\t\t\t\t\t<a class=\"elementor-button elementor-button-link elementor-size-sm\" href=\"https:\/\/wa.me\/5543998750021\">\n\t\t\t\t\t\t<span class=\"elementor-button-content-wrapper\">\n\t\t\t\t\t\t<span class=\"elementor-button-icon\">\n\t\t\t\t<i aria-hidden=\"true\" class=\"icon icon-whatsapp-1\"><\/i>\t\t\t<\/span>\n\t\t\t\t\t\t\t\t\t<span class=\"elementor-button-text\">Clique aqui!<\/span>\n\t\t\t\t\t<\/span>\n\t\t\t\t\t<\/a>\n\t\t\t\t<\/div>\n\t\t\t\t\t\t\t\t<\/div>\n\t\t\t\t<\/div>\n\t\t\t\t<\/div>\n\t\t\t\t\t<\/div>\n\t\t\t\t<\/div>\n\t\t\t\t<\/div>\n\t\t","protected":false},"excerpt":{"rendered":"<p>Polpa de Fruta Baum Fruit \u2013 Polpa de fruta Nossa polpa de frutas \u00e9 produzida a partir de frutas selecionadas, [&hellip;]<\/p>\n","protected":false},"author":1,"featured_media":0,"parent":0,"menu_order":0,"comment_status":"closed","ping_status":"closed","template":"","meta":{"site-sidebar-layout":"no-sidebar","site-content-layout":"","ast-site-content-layout":"full-width-container","site-content-style":"default","site-sidebar-style":"default","ast-global-header-display":"","ast-banner-title-visibility":"","ast-main-header-display":"","ast-hfb-above-header-display":"","ast-hfb-below-header-display":"","ast-hfb-mobile-header-display":"","site-post-title":"disabled","ast-breadcrumbs-content":"","ast-featured-img":"disabled","footer-sml-layout":"","ast-disable-related-posts":"","theme-transparent-header-meta":"","adv-header-id-meta":"","stick-header-meta":"","header-above-stick-meta":"","header-main-stick-meta":"","header-below-stick-meta":"","astra-migrate-meta-layouts":"default","ast-page-background-enabled":"default","ast-page-background-meta":{"desktop":{"background-color":"var(--ast-global-color-4)","background-image":"","background-repeat":"repeat","background-position":"center center","background-size":"auto","background-attachment":"scroll","background-type":"","background-media":"","overlay-type":"","overlay-color":"","overlay-opacity":"","overlay-gradient":""},"tablet":{"background-color":"","background-image":"","background-repeat":"repeat","background-position":"center center","background-size":"auto","background-attachment":"scroll","background-type":"","background-media":"","overlay-type":"","overlay-color":"","overlay-opacity":"","overlay-gradient":""},"mobile":{"background-color":"","background-image":"","background-repeat":"repeat","background-position":"center center","background-size":"auto","background-attachment":"scroll","background-type":"","background-media":"","overlay-type":"","overlay-color":"","overlay-opacity":"","overlay-gradient":""}},"ast-content-background-meta":{"desktop":{"background-color":"var(--ast-global-color-5)","background-image":"","background-repeat":"repeat","background-position":"center center","background-size":"auto","background-attachment":"scroll","background-type":"","background-media":"","overlay-type":"","overlay-color":"","overlay-opacity":"","overlay-gradient":""},"tablet":{"background-color":"var(--ast-global-color-5)","background-image":"","background-repeat":"repeat","background-position":"center center","background-size":"auto","background-attachment":"scroll","background-type":"","background-media":"","overlay-type":"","overlay-color":"","overlay-opacity":"","overlay-gradient":""},"mobile":{"background-color":"var(--ast-global-color-5)","background-image":"","background-repeat":"repeat","background-position":"center center","background-size":"auto","background-attachment":"scroll","background-type":"","background-media":"","overlay-type":"","overlay-color":"","overlay-opacity":"","overlay-gradient":""}},"footnotes":""},"class_list":["post-608","page","type-page","status-publish","hentry"],"_links":{"self":[{"href":"https:\/\/baumfruit.com.br\/index.php?rest_route=\/wp\/v2\/pages\/608","targetHints":{"allow":["GET"]}}],"collection":[{"href":"https:\/\/baumfruit.com.br\/index.php?rest_route=\/wp\/v2\/pages"}],"about":[{"href":"https:\/\/baumfruit.com.br\/index.php?rest_route=\/wp\/v2\/types\/page"}],"author":[{"embeddable":true,"href":"https:\/\/baumfruit.com.br\/index.php?rest_route=\/wp\/v2\/users\/1"}],"replies":[{"embeddable":true,"href":"https:\/\/baumfruit.com.br\/index.php?rest_route=%2Fwp%2Fv2%2Fcomments&post=608"}],"version-history":[{"count":117,"href":"https:\/\/baumfruit.com.br\/index.php?rest_route=\/wp\/v2\/pages\/608\/revisions"}],"predecessor-version":[{"id":1167,"href":"https:\/\/baumfruit.com.br\/index.php?rest_route=\/wp\/v2\/pages\/608\/revisions\/1167"}],"wp:attachment":[{"href":"https:\/\/baumfruit.com.br\/index.php?rest_route=%2Fwp%2Fv2%2Fmedia&parent=608"}],"curies":[{"name":"wp","href":"https:\/\/api.w.org\/{rel}","templated":true}]}}